 - -14064. Suppose a - 4496 = -5*b, 89*a = -5*b + 93*a + t. What is the units digit of b?
9
Suppose -3896*d - 44433 = -3905*d. What is the hundreds digit of d?
9
Let q = 27519 + -9660. What is the ten thousands digit of q?
1
Let x(u) = -u**3 + 53*u**2 + 88*u + 138. What is the tens digit of x(51)?
2
Suppose 2*j = -9*o + 7*o + 12980, o - 6493 = -4*j. What is the tens digit of o?
8
Suppose -56*w = -62*w. Suppose w = -2*x + 5*c + 2884, -x - 3*c + 2*c = -1456. What is the tens digit of x?
5
Let r be 5 - 7/(7/5). Suppose -17*m + 7 + 27 = r. Suppose c - k = 82 + 13, m*c = -5*k + 162. What is the units digit of c?
1
Suppose -51258 = 44*u - 11218. Let o = -444 - u. What is the hundreds digit of o?
4
Suppose -m + 584 = -5*o, 0 = 2*m + 3*m - 3*o - 2920. Suppose q + q = -i + m, 0 = -4*q + 4*i + 1156. Suppose -3*v = 36 - q. What is the units digit of v?
5
Let s(y) = 338*y + 3928. What is the tens digit of s(75)?
7
Suppose 4*n = 185 - 169. Suppose 2*z - n*s - 1668 = 0, -2*z - 18*s = -13*s - 1632. What is the tens digit of z?
2
Let m = 11714 - 2449. What is the thousands digit of m?
9
Suppose 0 = -b + 4*b - 1944. Suppose -2716 = -5*o + 12*o. Let l = o + b. What is the hundreds digit of l?
2
Suppose 4*c + 610 = 5*x, 4*x - 2*x + 2*c = 226. Let j = x + 260. What is the tens digit of j?
7
Suppose -14 = -4*z - t, -5*z + t + 4*t + 30 = 0. Suppose z*l = 3*l + 2. Suppose -8*w + 6*w - 5*k + 315 = 0, -w + l*k + 153 = 0. What is the hundreds digit of w?
1
What is the units digit of (-36539)/9*(-8 + 2) + (-1964)/1473?
8
Let k be (-1 - -2)/1 - -92*12. Let h = k - 303. What is the tens digit of h?
0
Suppose 0*d + 162 = -6*d. Let z = 31 + d. Suppose -z*l + 188 = -4*k - 0*k, -l = k - 49. What is the units digit of l?
8
Suppose 124*x - 22*x - 1111683 = -1821. What is the ten thousands digit of x?
1
Let w(j) = -j**3 + 4*j**2 + 2*j + 8. Let x be w(5). Let d be (30/x + 8/28)*-1. Suppose d*n - 4*y = 66 - 2, 0 = -5*n - 5*y + 100. What is the tens digit of n?
1
Let k(q) = 227*q + 5921. What is the hundreds digit of k(0)?
9
Let a(h) = h**3 + 84*h**2 + 300*h - 20. What is the thousands digit of a(-71)?
4
Let u(y) = -y**3 - 9*y**2 - 22*y - 112. Let b be u(-8). Suppose b = 57*i - 42*i - 3150. What is the hundreds digit of i?
2
Suppose 5*o = -5*k + 57685, -547*o + 551*o + 3*k = 46143. What is the units digit of o?
2
Let p = -68 + 100. Suppose p*y - 1140 = 28*y. What is the hundreds digit of y?
2
Suppose -2*j + 2 - 6 = 0. Let z be 6*j/(-3) - (3 - 2). Suppose z*y = -y + 144. What is the units digit of y?
6
Let t(x) = 8*x**2 - 1. Let l be t(2). Let g = -21 + 27. Let o = l - g. What is the tens digit of o?
2
What is the tens digit of (-32)/(-128) + ((-26635)/4)/(-1)?
5
Suppose 18*p - 3628 = 14*p. Suppose -p = -8*k + 4*k - 5*o, -2*o = k - 226. What is the tens digit of k?
2
Let j(c) = 2*c**2 + 17*c + 9. Let o(s) = -7*s - 7*s - 8 - 8 + 16*s. Let h be o(2). What is the units digit of j(h)?
3
Suppose -y + 4*s - 2*s = -186, 0 = 5*y + s - 963. Let g = 676 - y. What is the tens digit of g?
8
Suppose 2*w - 5*w + 1270 = -x, 5*x = w - 6420. Let m = x - -1874. What is the units digit of m?
9
Let s(v) = -750*v**2 + 19 + 756*v**2 - 65 - 3*v - 7*v. What is the tens digit of s(11)?
7
Let q = -218 + 488. Suppose s + 2*s = q. Suppose -4*y + 6 = -s. What is the tens digit of y?
2
What is the units digit of (4998/8 - 3)/((-16)/(-64))?
7
Suppose -5*g - 30 = -5*s, 27 = s + 4*s - 4*g. Let j be (s/(-5)*-2)/((-3)/45). What is the tens digit of -48*(23/j + (-2)/9)?
7
Suppose -2*t + 87566 = 5*j, -3*j - t - 12177 + 64716 = 0. What is the hundreds digit of j?
5
Let o(s) = 327*s + 4815. What is the hundreds digit of o(42)?
5
Suppose -55853 = -78*o + 1621693. What is the units digit of o?
7
Suppose -z = 2*x - 15, 4*x - 60 = -5*z - 15. Suppose z*w = 3*w - 2*y + 782, -w - 3*y + 383 = 0. What is the hundreds digit of w?
3
What is the units digit of ((-3897)/(-54)*-8)/(8/(-228) + 0)?
4
Let w be (-1 - 2/(-6)) + 1360/6. Let q = 314 - w. What is the tens digit of q?
8
Let q be (20/(-8))/(-1*4/8). Suppose -5*f - q*b = -4895, 3*b + 2*b = -2*f + 1943. What is the hundreds digit of f?
9
Let l = 112 - 108. Let h be 992/(-6)*l/8*-15. Suppose 13*v - h = 5*v. What is the tens digit of v?
5
Let k(r) be the third derivative of 0 - 3/8*r**4 + 1/2*r**3 - 1/60*r**5 + 0*r + 15*r**2. What is the units digit of k(-6)?
1
Let f(z) = 23*z**2 - 68*z - 149. What is the tens digit of f(22)?
8
Suppose 2*l + 14*i = 15*i + 11239, 3*l = 3*i + 16869. What is the hundreds digit of l?
6
Suppose -d + 2223429 = 46*d - 0*d. What is the ten thousands digit of d?
4
Suppose 1598 - 383 = 5*c + 5*x, 5*x = -c + 223. Suppose -c = m - 9*m. Suppose g + 4*g = -4*b + m, -2*g - b = -10. What is the units digit of g?
3
Let b = -4259 + 13194. What is the units digit of b?
5
Suppose -4*j = -3*x - 80, 2*j + 0*x = 5*x + 54. Let k = j - 13. What is the tens digit of (1/(k/(-200)))/(1/(-2))?
0
Let r(o) be the first derivative of 2*o**3 - 31*o**2/2 + 13*o + 51. What is the tens digit of r(7)?
9
Let r(h) = -h**3 - 4*h**2 - h - 1. Let b be r(-6). Suppose -d = -t + 31, d + 2*d + 5*t = -b. What is the units digit of 4 - (4/4 + d)?
2
Let a(l) = l**3 - 23*l**2 - 12*l - 37. Let v be a(24). Let k = v - 175. Let u = k - -26. What is the tens digit of u?
0
What is the hundreds digit of 51613/2 + (-860)/(-344)?
8
Suppose p + 211 = f - 3*f, -4*p = -5*f + 844. Let g = 478 + p. Let l = -134 + g. What is the units digit of l?
3
Let x be (-8460)/28 + (-1)/(-7). Let k = 165 - x. What is the tens digit of k?
6
Suppose 5*c + 5 = 15, -5*o - 4 = 3*c. Let d(k) = -23*k**3 + k**2 + 4*k + 6. What is the hundreds digit of d(o)?
1
Let x(k) = k**3 - 11*k**2 - 12*k - 1. Let p be x(12). Let t be (3 - p)/2*(-4 + 20). Let l = t - -20. What is the tens digit of l?
5
Let y(n) = -2 + 2*n - 21 + 2. Let z be y(-7). Let m = z + 61. What is the tens digit of m?
2
Suppose 2*z = -6, 1408 = 5*j + 5*z - 1307. Let p = 946 - j. What is the units digit of p?
0
Let b(w) = w**3 - 24*w**2 + 80*w - 3. Let m be b(20). Let j(i) = -18*i**3 + i**2 + 5*i + 8. What is the units digit of j(m)?
8
Let r(a) = 11*a**2 - 125*a + 384. What is the units digit of r(-16)?
0
Suppose 3*f + 15 = 8*f. Let d(r) = 36*r**3 - 3*r**2 + 2. Let c be d(2). Suppose 5*w - c = -h + 206, -5*w = f*h - 492. What is the units digit of w?
6
Suppose -z + 116345 = 5*v, -46556 = -15*v + 13*v - 4*z. What is the thousands digit of v?
3
Let s = 6220 + -2056. What is the thousands digit of s?
4
Let x = 110 - 91. Suppose -4*l = -173 - x. Suppose -52 = -k + 3*o, 6*k - 4*o = 5*k + l. What is the tens digit of k?
6
Let b(w) = -5*w + 159. Let o be b(31). Suppose o*p + 2*z = 1890, -226 = -p - 3*z + 254. What is the tens digit of p?
7
Suppose -10 = 4*x + 6. Let i(r) = 9*r**2 - 13*r - 30. What is the tens digit of i(x)?
6
Suppose -1280*n + 1293*n = 96044. What is the tens digit of n?
8
Let z = 39 + -16. Let u(h) = -2*h**3 + 26*h**2 + 4*h. Let b be u(13). Let g = b + z. What is the units digit of g?
5
Suppose -8*x - 15*x = -24785 - 25286. What is the hundreds digit of x?
1
Suppose -c - 4*t + 9 = 0, 0 = 2*c + 3*c - 2*t - 89. Suppose -21*r + 4224 = -c*r. What is the thousands digit of r?
1
Let d = -43 + 45. Let l(u) = 2*u**2 + 8*u**d - 8*u**2 + 11*u + 0 + 4. What is the units digit of l(-6)?
0
Suppose -3*c + 2985 = 2*o, 5*o + 5*c - 3*c = 7468. What is the thousands digit of o?
1
Suppose -66*l = -73*l + 539. Suppose 4*k - l - 515 = 0. What is the tens digit of k?
4
Let z be (-1)/7 + 845/35. Suppose z*v - 10*v - 1036 = 0. What is the tens digit of v?
7
Let u(p) = -8*p**3 - p**2 - p + 3. Let w be u(-2). Let q = w - 42. What is the tens digit of (q/(-3))/(3/(-9))?
2
Let a = 58 - 46. Let g(b) = -b**3 + 10*b**2 + 23*b + 10. Let m be g(a). Let p = 13 - m. What is the units digit of p?
5
Let b = -85 + 36. Let k = 7 - b. Let o = k + -47. What is the units digit of o?
9
Let v(p) = -2*p + 16. Let w be v(-6). Let r = -22 + 40. Suppose t - r = w. What is the tens digit of t?
4
Suppose 3*h = 5*f + 1482 + 981, 0 = 3*h + 2*f - 2463. Suppose 817*z - h*z = -976. What is the tens digit of z?
4
Suppose 2*t - 9844 = -5*k, 4929 = t - 91*k + 90*k. What is the thousands digit of t?
4
Let z(x) = 4*x**2 + 5*x + 1. Let p be z(4). Suppose -2*m + 27 + 27 = 2*k, 58 = 2*m + 4*k. What is the units digit 